n 42533 is divided by 1015.
918
Calculate the remainder when 1836286 is divided by 453.
277
Calculate the remainder when 73093 is divided by 23184.
3541
What is the remainder when 43447 is divided by 1787?
559
What is the remainder when 2656493 is divided by 4025?
4018
What is the remainder when 795680 is divided by 198904?
64
Calculate the remainder when 29073 is divided by 94.
27
What is the remainder when 2045532 is divided by 45454?
102
What is the remainder when 383117 is divided by 723?
650
What is the remainder when 19809 is divided by 1218?
321
Calculate the remainder when 4736565 is divided by 9144.
9117
Calculate the remainder when 636088 is divided by 646.
424
What is the remainder when 122445 is divided by 1160?
645
Calculate the remainder when 1368301 is divided by 195402.
487
What is the remainder when 148842 is divided by 422?
298
Calculate the remainder when 601501 is divided by 25057.
133
What is the remainder when 376963 is divided by 1332?
7
Calculate the remainder when 1548644 is divided by 942.
938
Calculate the remainder when 89824 is divided by 29155.
2359
What is the remainder when 616020 is divided by 5179?
4898
What is the remainder when 42287 is divided by 10453?
475
Calculate the remainder when 9562955 is divided by 4035.
5
What is the remainder when 58921 is divided by 1281?
1276
Calculate the remainder when 6016002 is divided by 1637.
27
Calculate the remainder when 179823 is divided by 179812.
11
What is the remainder when 2267656 is divided by 64790?
6
Calculate the remainder when 21797186 is divided by 18.
14
What is the remainder when 1698013 is divided by 207?
199
What is the remainder when 104000 is divided by 25430?
2280
What is the remainder when 193412 is divided by 193235?
177
What is the remainder when 26862 is divided by 131?
7
Calculate the remainder when 24222994 is divided by 54.
52
What is the remainder when 26667314 is divided by 1025665?
24
What is the remainder when 115374 is divided by 540?
354
What is the remainder when 102600429 is divided by 4752?
4749
What is the remainder when 662478 is divided by 220807?
57
Calculate the remainder when 14807364 is divided by 1850917.
28
Calculate the remainder when 1738701 is divided by 579164.
1209
Calculate the remainder when 28273 is divided by 28260.
13
Calculate the remainder when 12822272 is divided by 81152.
256
Calculate the remainder when 1537338 is divided by 181.
105
Calculate the remainder when 2220506 is divided by 450.
206
What is the remainder when 250573 is divided by 40802?
5761
What is the remainder when 423038212 is divided by 1306?
1304
Calculate the remainder when 54983 is divided by 2820.
1403
What is the remainder when 204763 is divided by 54?
49
Calculate the remainder when 1382253 is divided by 2648.
2645
Calculate the remainder when 988052 is divided by 1823.
1809
Calculate the remainder when 5073113 is divided by 214.
29
Calculate the remainder when 11140391 is divided by 458.
457
Calculate the remainder when 1781967 is divided by 75.
42
Calculate the remainder when 7937772 is divided by 9.
6
Calculate the remainder when 107435 is divided by 940.
275
Calculate the remainder when 385987 is divided by 55.
52
What is the remainder when 1633533 is divided by 170?
3
Calculate the remainder when 57130097 is divided by 65217.
5
Calculate the remainder when 193826 is divided by 225.
101
Calculate the remainder when 1297258 is divided by 17069.
14
Calculate the remainder when 3999699 is divided by 28982.
183
What is the remainder when 175262910 is divided by 17?
16
Calculate the remainder when 569436 is divided by 65.
36
What is the remainder when 28407876 is divided by 205854?
24
What is the remainder when 24035864 is divided by 28?
20
Calculate the remainder when 419677 is divided by 15541.
70
What is the remainder when 1908 is divided by 191?
189
What is the remainder when 1591059 is divided by 2522?
2199
Calculate the remainder when 1893843 is divided by 3587.
3494
What is the remainder when 78388 is divided by 4870?
468
Calculate the remainder when 3777074 is divided by 227.
21
Calculate the remainder when 259117 is divided by 858.
1
What is the remainder when 975454 is divided by 39016?
54
What is the remainder when 75856 is divided by 11?
0
What is the remainder when 352928 is divided by 70127?
2293
Calculate the remainder when 44144598 is divided by 3.
0
Calculate the remainder when 539468 is divided by 171.
134
Calculate the remainder when 384702 is divided by 5504.
4926
What is the remainder when 3236487 is divided by 14778?
105
What is the remainder when 762848 is divided by 95354?
16
What is the remainder when 561412 is divided by 3789?
640
Calculate the remainder when 79006 is divided by 15770.
156
What is the remainder when 45009067 is divided by 8?
3
What is the remainder when 6169519 is divided by 883?
881
Calculate the remainder when 1617877 is divided by 420.
37
What is the remainder when 18289686 is divided by 106?
22
Calculate the remainder when 10192030 is divided by 688.
686
Calculate the remainder when 44942179 is divided by 404.
7
What is the remainder when 548782 is divided by 11676?
10
What is the remainder when 64041347 is divided by 35?
27
Calculate the remainder when 1786844 is divided by 162440.
4
What is the remainder when 42503813 is divided by 45?
8
What is the remainder when 134334 is divided by 14805?
1089
Calculate the remainder when 1463712 is divided by 5950.
12
What is the remainder when 134555205 is divided by 1852?
1849
Calculate the remainder when 38081 is divided by 514.
45
What is the remainder when 12565955 is divided by 1417?
1416
What is the remainder when 12146485 is divided by 168701?
13
Calculate the remainder when 839742 is divided by 193.
192
Calculate the remainder when 228763 is divided by 517.
249
What is the remainder when 249984 is divided by 22556?
1868
What is the remainder when 994609 is divided by 715?
44
What is the remainder when 29605716 is divided by 1558195?
11
What is the remainder when 3965762 is divided by 564?
278
Calculate the remainder when 12620770 is divided by 7.
1
Calculate the remainder when 427738 is divided by 17104.
138
Calculate the remainder when 15662 is divided by 964.
238
Calculate the remainder when 23489021 is divided by 122.
117
Calculate the remainder when 6126594 is divided by 14.
12
Calculate the remainder when 1290744 is divided by 691.
647
What is the remainder when 36899 is divided by 7124?
1279
Calculate the remainder when 121863 is divided by 13526.
129
Calculate the remainder when 325395 is divided by 1571.
198
Calculate the remainder when 4604286 is divided by 6231.
5808
What is the remainder when 26661 is divided by 5281?
256
What is the remainder when 457874 is divided by 391?
13
Calculate the remainder when 577046 is divided by 7384.
1094
Calculate the remainder when 1556097 is divided by 1050.
1047
What is the remainder when 1203517 is divided by 3410?
3197
Calculate the remainder when 18110 is divided by 189.
155
What is the remainder when 291585 is divided by 881?
855
What is the remainder when 414109 is divided by 103310?
869
Calculate the remainder when 130813 is divided by 43558.
139
Calculate the remainder when 142550 is divided by 28451.
295
What is the remainder when 46636 is divided by 119?
107
What is the remainder when 370782 is divided by 3345?
2832
What is the remainder when 4028034 is divided by 13?
10
Calculate the remainder when 2483924 is divided by 32.
20
Calculate the remainder when 2171934 is divided by 53.
47
What is the remainder when 1412633 is divided by 1424?
25
What is the remainder when 1270753 is divided by 2362?
2359
What is the remainder when 1783616 is divided by 28?
16
What is the remainder when 595441 is divided by 198437?
130
What is the remainder when 64955676 is divided by 373?
337
Calculate the remainder when 91107092 is divided by 5767.
26
Calculate the remainder when 313882 is divided by 1125.
7
What is the remainder when 6677410 is divided by 59092?
14
Calculate the remainder when 121394 is divided by 121387.
7
What is the remainder when 84542 is divided by 378?
248
Calculate the remainder when 4221590 is divided by 582.
344
Calculate the remainder when 177951 is divided by 365.
196
What is th